 - 5. Let a = -101 + 91. Let j be n(a). Let c(f) = 9*f - j*f - 3*f + 2. Determine c(2).
4
Let z(f) = -3*f + 6. Let m = 8636 + -8649. What is z(m)?
45
Let k(v) = -v**2 - 15*v + 27. Let t be ((-5)/15)/((-8)/(-2688)*7) - 0. What is k(t)?
11
Let s(o) = 5*o + 6. Let d(k) be the first derivative of 11*k**2 + 24*k + 178. Let c(m) = -2*d(m) + 9*s(m). Determine c(0).
6
Let k(y) = -6*y**2 - 79*y - 2. Let f(v) = v**2 + 15*v + 1. Let r(o) = 11*f(o) + 2*k(o). Suppose 2*n - 20 = -2*n. Give r(n).
17
Let d(s) be the first derivative of 2*s**2 - 12*s + 1406. What is d(-9)?
-48
Let i(f) be the second derivative of -1/3*f**3 + 2 + 2*f**2 - 5*f. Suppose 5*p - 15 = -y + 13, 22 = -y + 5*p. What is i(y)?
-2
Let s(l) = l**3 + 4*l**2 + 2*l + 4. Let v = 16 + -12. Suppose -o - 10 = -6*o. Suppose -2*j - 2 = o*t, 0 = 2*t + j - 0 + v. Determine s(t).
7
Let g(s) = 2*s**2 - 9*s + 9. Let n be g(1). Let j(k) be the first derivative of -k**3/3 - k**2/2 + 2*k - 23. Determine j(n).
-4
Let g(w) = 5*w + 4. Suppose a + 3 = -25. Let b(l) = -4*l - 106. Let x be b(a). Calculate g(x).
34
Let c(j) = j**2 + 18*j - 503. Let s be c(15). Let u(m) = m**3 + 9*m**2 + 6*m - 10. Give u(s).
6
Let s be 198/(-55)*((-32)/12 - -1). Let a(w) = -2*w**2 + 14*w - 16. What is a(s)?
-4
Let h(i) = i**3 + 2*i**2 - 33*i + 2. Let f(y) = -y**2 - 5*y + 1. Let s(v) = 6*f(v) - h(v). What is s(-8)?
-20
Let t(w) be the second derivative of 0 + 100*w + 3*w**2 + 5/6*w**3. Let u be ((-3)/6 + -2)*2. Give t(u).
-19
Let n(j) = j**3 + 5*j**2 + j - 2. Suppose -13*a + 16*a = -78. Let b be ((-30)/20)/(3/a) - 3. Let x be (3 + 2)*(-4)/b. Give n(x).
8
Let m(u) be the third derivative of u**5/60 - 23*u**4/24 + 103*u**3/6 + 4556*u**2. Give m(17).
1
Let p be 461/27 - (-5)/(540/(-8)). Let d(w) = -15*w + 259. Determine d(p).
4
Let r(i) = -i**3 - 8*i**2 + 12*i - 3. Suppose 0*o + 5*o + 69 = 2*l, -5*l - 5*o = -85. Suppose 3*a + l = -0*v + v, 38 = -2*a - 4*v. Determine r(a).
-30
Let o(z) = z**2 + 3*z - 3. Let r be 75/2*(16/(-6) - -4). Let g = r + -49. Let i be g/((-4)/(-10))*(-8 - -6). Determine o(i).
7
Let h(j) be the first derivative of 13*j**3/3 - 5*j**2/2 - j + 2455. Determine h(-2).
61
Let g be ((-3)/2)/((-30)/140). Suppose -2*i = -x + 8, 2*x - 3*i = -2*x + 22. Let v(k) = x*k - 3 - 6*k - 5 + 4*k. Give v(g).
6
Suppose -7*u - 49 = -10*u - 5*m, -2*u + 3*m + 58 = 0. Suppose -12*w - u = 11*w. Let v(k) = 27*k**3 - k. What is v(w)?
-26
Let g(f) = 3*f**2 + 13*f + 6. Let l be g(-4). Let b(w) = -407 - 5*w - 3*w**l + 399 + 4*w**2. Calculate b(7).
6
Let i(q) = 12*q + 3*q**2 - 2 - 5*q**2 - 25 + 22. Determine i(5).
5
Let w(r) = -13 - 15 + r - 11 + 23. Give w(7).
-9
Let j(u) = 34*u**3 - 34*u**2 - 196*u + 20. Let w(p) = 13*p**3 - 14*p**2 - 78*p + 8. Let a(m) = -5*j(m) + 13*w(m). Determine a(-6).
-8
Let k(p) = 110 + 23*p - 54*p + 19*p + 26*p. What is k(-9)?
-16
Let q be (-3)/((-72)/42)*156*1. Suppose 6*b = 291 - q. Let v(a) = a**3 + 2*a**2 - 2*a + 1. Determine v(b).
40
Let s(a) = -a + 3. Let y be (42/(-4))/((-2)/12). Suppose -y*l = -61*l + 40. Let k be (2/l*-16)/((-4)/10). Calculate s(k).
7
Let r = 66 + -62. Let s(m) be the first derivative of -m**4/12 + m**3/3 + 2*m**2 - 12*m + 7. Let z(l) be the first derivative of s(l). Determine z(r).
-4
Let g(z) = -z**3 + z**2 + 2*z + 36. Let f be ((-203)/(-35) - 7)*(-10)/3. Give g(f).
-4
Let d(s) be the first derivative of 7*s**5/120 + s**4/6 + s**3/3 + 69*s - 66. Let f(w) be the third derivative of d(w). Determine f(-2).
-10
Let n(d) = -d**3 + 7*d**2 - 7*d + 2. Let a be (18 - 60)*10/(-35). Let r be (-166)/(-10) + (-26)/(-65). Suppose 5*q - 41 + r = 2*m, q - a = -2*m. What is n(q)?
-4
Let c(o) be the first derivative of o**7/840 + o**6/90 - o**5/30 - o**4/24 - 26*o**3/3 + o**2/2 + 59. Let k(j) be the third derivative of c(j). Calculate k(-4).
15
Let l(b) = 15*b**3 - b**2 - 2*b - 1. Suppose 0 = 30*c - 119 - 1. Suppose -48 + 44 = c*g. What is l(g)?
-15
Let u(i) = i - 8. Let t(q) = q - 7. Let f(h) = -4*t(h) + 5*u(h). Suppose 25 = 4*k - b, -12*k - 20 = -11*k - 4*b. Give f(k).
-4
Suppose 4*w = -3*o - 25, 3*o + w = -w - 29. Let b be o - -3 - 0/(-5 - 1). Let n(t) = -t**2 - 7*t + 10. Calculate n(b).
2
Suppose 8*j + 35 = 3*j. Let q(x) = x - 1. Let l(p) = -2*p + 1. Let w(g) = 3*l(g) + 4*q(g). Give w(j).
13
Let v = 163374 + -163379. Let l(d) = -9*d - 25. Let c(s) = -8*s - 24. Let i(f) = 6*c(f) - 5*l(f). Determine i(v).
-4
Let l(k) = -92*k + 325*k**2 + 183*k - 326*k**2 - 86*k + 9. Determine l(5).
9
Let n = 142 + -11. Let y = 137 - n. Let d(m) = -m**2 + 5*m + 7. Give d(y).
1
Suppose 0*w + 3*w - 9 = 0. Let i(n) be the first derivative of -7*n**2/2 + 7*n + 3. Let z(y) = -8*y + 8. Let p(f) = -4*i(f) + 3*z(f). What is p(w)?
8
Let u(z) = 12*z + 15 + 5*z + 0*z + z**2 + 4*z - 32*z. Calculate u(6).
-15
Let l be (4/(-12))/((-1)/(-12)). Let n(r) be the second derivative of -r**4/12 - r**3/3 + 2*r**2 - 81*r - 1. Determine n(l).
-4
Let w(i) be the third derivative of i**6/120 + 7*i**5/12 - 17*i**4/12 + 23*i**3/2 - 1383*i**2. Calculate w(-36).
-3
Let k be (-4)/28 - 66/77. Let f(q) = -q**3 - q**2 + 6*q + 6. Let t be f(k). Let n(b) = -b + 3 + 0*b + b**2 + 0*b. Give n(t).
3
Let c(k) be the first derivative of -k**4/24 - 7*k**3/6 + k**2/2 + 35*k + 150. Let t(j) be the second derivative of c(j). What is t(7)?
-14
Let t(d) = -d**3 + 18*d + 3. Suppose 26 = 184*w + 762. Calculate t(w).
-5
Suppose -o - 5*z + 41 = -0, 0 = 3*z. Let u = o + -39. Let i(q) = -q**2 + 6*q - 6. Let b be i(u). Let n(l) = l**3 - 2*l**2 - 1. Give n(b).
-1
Suppose -7*w - 412 = -3*w. Let j = 101 + w. Let y(d) = -36*d + 6. Let f(z) = -7*z + 1. Let b(v) = -11*f(v) + 2*y(v). What is b(j)?
-9
Let o(p) = 42*p + 171. Suppose 0 = 3*g + 5*f - 8, 0 = 17*g - 15*g + 4*f - 8. What is o(g)?
3
Let a be (98/(-21))/(13 + 456/(-36)). Let p(i) = i**3 + 13*i**2 - 13*i + 14. Determine p(a).
0
Let i(d) = -2*d - 7 - 3 - 4. Let q = 74 + -82. Let r be i(q). Let g(z) = 5*z - 1. What is g(r)?
9
Let h(l) = -11*l + 4*l - 70 + 119 + 8*l - 59. Calculate h(23).
13
Let i(y) = -1. Let t(j) = j**2 - 5*j + 9. Suppose -k + 0*m + 2 = 3*m, 5*m = -k + 6. Let a(f) = k*i(f) - t(f). Let w be (1 + 7/((-196)/12))*7. Determine a(w).
-1
Let z(v) be the first derivative of v**3/3 - 5*v**2/2 - 2*v - 1. Suppose -15*x - 325 = -385. Give z(x).
-6
Let b(d) = 2*d - 3. Let s = 42 - 32. Let h be 2/5 - (-96)/s. Let u be h*(1 + 5/(-10)). Determine b(u).
7
Let t(h) = 3*h**3 + 6*h**2 + 8*h + 7. Suppose 3*q - 2*l + 1241 - 1228 = 0, -2*q + 6*l - 18 = 0. Give t(q).
-44
Let n = 13 + -6. Let k(s) = s**3 - 2*s**2 - 2*s - 2. Let p(m) = -4*m**3 + 6*m**2 + 5*m + 14. Let a(y) = 9*k(y) + 2*p(y). Determine a(n).
3
Let c = -47 - -53. Let i(v) = 2*v**2 - 3*v**2 + 5 - c*v - 10. Suppose 5*l + 12 = -2*r, -r - 12*l + 7*l - 6 = 0. Give i(r).
-5
Let c(k) = -3 + 5*k - k**2 + 41*k - 80*k + 39*k. Calculate c(10).
-53
Let n(q) be the first derivative of -q**6/120 + q**5/10 - q**4/4 + q**3/6 + 5*q**2 - q + 53. Let k(y) be the second derivative of n(y). Determine k(5).
-4
Let r(w) be the second derivative of w**5/20 - 11*w**4/4 - 6*w**3 + 61*w**2/2 + 5535*w. What is r(34)?
-7
Suppose 0 = 3*h - 5*f + 4, h = 2*f - 7*f + 32. Let g(w) = -h*w**3 - 3*w**2 + 9*w**3 + 4*w - w**3. Calculate g(3).
12
Let i be (258/(-24) - -11)*12. Let x(p) = -3*p**3 + 5*p**2 + p - 16. Calculate x(i).
-49
Let w(i) = 4*i - 1. Suppose 34 = 3*a - 2*y, 3*a - 3*y - 10 = 29. Suppose p - 4*l = -a - 4, -2*l + 16 = -p. Let q = 23 + p. Give w(q).
11
Let o(n) = -18*n + 14. Suppose -5*t = -x + 30, -2*x + 40 = -5*t + x. Let c(w) = 9*w - 6. Let f(q) = t*c(q) - 2*o(q). What is f(3)?
-25
Let t = 26 + -26. Suppose -5*j + 4 + 6 = t. Let c(m) = 0*m**2 + 4*m**2 - 5*m**2 + 2*m + 0*m**j. Give c(2).
0
Let r(p) = 5*p + 19. Let l = -810 - -805. What is r(l)?
-6
Let x be 10/(-1*6 - -4). Let r be 3*(0 - 1)*x. Let q(m) = 6 + 0 - r + m + 7. Determine q(8).
6
Suppose -11*k + 200 = 2. Let d(c) = 7*c**3 + 10*c + 8*c**2 - k*c**3 + 10*c**3 + 3. What is d(9)?
12
Let b(w) = -2*w**2 - 2*w. Let o(n) = -n**2 - 25*n + 114. Let v(j) = -b(j) + o(j). What is v(16)?
2
Let s(k) = -42*k**2 + 26*k + 19. Let o(n) = 100*n**2 - 61*n - 44. Let z(l) = 8*o(l) + 19*s(l). Calculate z(4).
65
Let z(n) be the second derivative of n**4/12 + 2*n**3 + 33*n**2/2 + 1450*n. Determine z(-9).
6
Let r be 22/10 - 3/15. Let w(d) = -4*d + 2 - r + 2.